{"id":46,"date":"2020-11-25T23:04:32","date_gmt":"2020-11-25T22:04:32","guid":{"rendered":"http:\/\/word.vraa-maskinstation.dk\/?page_id=46"},"modified":"2026-01-05T12:43:07","modified_gmt":"2026-01-05T11:43:07","slug":"snerydning","status":"publish","type":"page","link":"http:\/\/word.vraa-maskinstation.dk\/?page_id=46","title":{"rendered":"SNERYDNING"},"content":{"rendered":"\n<hr class=\"wp-block-separator has-text-color has-background has-light-gray-background-color has-light-gray-color is-style-wide\"\/>\n\n\n\n<div class=\"wp-block-cover\" style=\"background-image:url(http:\/\/word.vraa-maskinstation.dk\/wp-content\/uploads\/2020\/12\/sne2014-002-1.jpg);min-height:300px\"><div class=\"wp-block-cover__inner-container\">\n<p class=\"has-text-align-center has-large-font-size\"><\/p>\n<\/div><\/div>\n\n\n\n<hr class=\"wp-block-separator has-text-color has-background has-light-gray-background-color has-light-gray-color is-style-wide\"\/>\n\n\n<blockquote>\n<p><strong>Vi rykker hurtigt ud n\u00e5r sneen daler ned. <\/strong><\/p>\n<p>Vi klarer snerydning ved din virksomhed, institution eller dit private hjem. Du kan f\u00f8le dig tryg ved, at der er ryddet sne s\u00e5 det er muligt at komme sikkert ind og ud.&nbsp;<\/p>\n<p><strong>Vi servicere sm\u00e5 som store kunder og tilbyder ogs\u00e5 fast prisaftale. I kender dermed altid pr\u00e6cis snerydningsudgifterne for \u00e5ret.<\/strong><\/p>\n<p>Vi r\u00e5der over tre minitraktorer, tre traktorsneplove samt Volvo L70 gummiged &#8211; Vi kan dermed klare b\u00e5de lettere og tungere snerydningsopgaver.&nbsp;<\/p>\n<p>Hvis du gerne vil v\u00e6re sikker p\u00e5 grundig snerydning s\u00e5 t\u00f8v ikke med at kontakte os s\u00e5 finder vi en aftale der passer til jeres behov, Vraa Maskinstation telefon <strong>98 98 18 88<\/strong> eller mail <strong>info@vraa-maskinstation.dk<\/strong>.&nbsp;<\/p>\n<p><\/p>\n<\/blockquote>\n\n\n<figure class=\"wp-block-image size-large\"><img loading=\"lazy\" width=\"1024\" height=\"1024\" src=\"http:\/\/word.vraa-maskinstation.dk\/wp-content\/uploads\/2026\/01\/Sneseddel-2025-26.pdf-1024x1024.png\" alt=\"\" class=\"wp-image-728\" srcset=\"http:\/\/word.vraa-maskinstation.dk\/wp-content\/uploads\/2026\/01\/Sneseddel-2025-26.pdf-1024x1024.png 1024w, http:\/\/word.vraa-maskinstation.dk\/wp-content\/uploads\/2026\/01\/Sneseddel-2025-26.pdf-300x300.png 300w, http:\/\/word.vraa-maskinstation.dk\/wp-content\/uploads\/2026\/01\/Sneseddel-2025-26.pdf-150x150.png 150w, http:\/\/word.vraa-maskinstation.dk\/wp-content\/uploads\/2026\/01\/Sneseddel-2025-26.pdf-768x768.png 768w, http:\/\/word.vraa-maskinstation.dk\/wp-content\/uploads\/2026\/01\/Sneseddel-2025-26.pdf-1536x1536.png 1536w, http:\/\/word.vraa-maskinstation.dk\/wp-content\/uploads\/2026\/01\/Sneseddel-2025-26.pdf-2048x2048.png 2048w, http:\/\/word.vraa-maskinstation.dk\/wp-content\/uploads\/2026\/01\/Sneseddel-2025-26.pdf-676x676.png 676w\" sizes=\"(max-width: 1024px) 100vw, 1024px\" \/><\/figure>\n\n\n\n<hr class=\"wp-block-separator has-text-color has-background has-light-gray-background-color has-light-gray-color is-style-wide\"\/>\n\n\n\n<p><\/p>\n","protected":false},"excerpt":{"rendered":"<p>Vi rykker hurtigt ud n\u00e5r sneen daler ned. Vi klarer snerydning ved din virksomhed, institution eller dit private hjem. Du kan f\u00f8le dig tryg ved, at der er ryddet sne s\u00e5 det er muligt at komme sikkert ind og ud.&nbsp; Vi servicere sm\u00e5 som store kunder og tilbyder ogs\u00e5 fast prisaftale. I kender dermed altid [&hellip;]<\/p>\n","protected":false},"author":1,"featured_media":0,"parent":0,"menu_order":0,"comment_status":"closed","ping_status":"closed","template":"","meta":[],"_links":{"self":[{"href":"http:\/\/word.vraa-maskinstation.dk\/index.php?rest_route=\/wp\/v2\/pages\/46"}],"collection":[{"href":"http:\/\/word.vraa-maskinstation.dk\/index.php?rest_route=\/wp\/v2\/pages"}],"about":[{"href":"http:\/\/word.vraa-maskinstation.dk\/index.php?rest_route=\/wp\/v2\/types\/page"}],"author":[{"embeddable":true,"href":"http:\/\/word.vraa-maskinstation.dk\/index.php?rest_route=\/wp\/v2\/users\/1"}],"replies":[{"embeddable":true,"href":"http:\/\/word.vraa-maskinstation.dk\/index.php?rest_route=%2Fwp%2Fv2%2Fcomments&post=46"}],"version-history":[{"count":13,"href":"http:\/\/word.vraa-maskinstation.dk\/index.php?rest_route=\/wp\/v2\/pages\/46\/revisions"}],"predecessor-version":[{"id":730,"href":"http:\/\/word.vraa-maskinstation.dk\/index.php?rest_route=\/wp\/v2\/pages\/46\/revisions\/730"}],"wp:attachment":[{"href":"http:\/\/word.vraa-maskinstation.dk\/index.php?rest_route=%2Fwp%2Fv2%2Fmedia&parent=46"}],"curies":[{"name":"wp","href":"https:\/\/api.w.org\/{rel}","templated":true}]}}