{"id":39,"date":"2020-11-25T23:04:32","date_gmt":"2020-11-25T22:04:32","guid":{"rendered":"http:\/\/word.vraa-maskinstation.dk\/?page_id=39"},"modified":"2026-04-09T14:12:25","modified_gmt":"2026-04-09T12:12:25","slug":"grovfoder","status":"publish","type":"page","link":"http:\/\/word.vraa-maskinstation.dk\/?page_id=39","title":{"rendered":"ROEOPTAGNING &#038; SAMENSILERING"},"content":{"rendered":"\n<hr class=\"wp-block-separator has-text-color has-background has-light-gray-background-color has-light-gray-color is-style-wide\"\/>\n\n\n\n<div class=\"wp-block-cover\" style=\"background-image:url(http:\/\/word.vraa-maskinstation.dk\/wp-content\/uploads\/2025\/10\/image0000011.jpg);background-position:48% 23%;min-height:377px\"><div class=\"wp-block-cover__inner-container\">\n<p class=\"has-text-align-center has-large-font-size\"><\/p>\n<\/div><\/div>\n\n\n\n<hr class=\"wp-block-separator has-text-color has-background has-light-gray-background-color has-light-gray-color is-style-wide\"\/>\n\n\n<blockquote>\n<p>P\u00e5 dette omr\u00e5de, er mange \u00e5rs erfaringen ingen undtagelse for Vraa Maskinstation. &#8211;<strong> Vi varetager roeoptagning samt samensilering.&nbsp;<\/strong><\/p>\n<p>Vi l\u00e6gger os i selen for at skaffe vores kunder det bedste resultat grovfoder, vi ved hvor vigtigt ensileringsarbejdet er.<\/p>\n<p><strong>Kvalitet er aldrig en tilf\u00e6ldighed, men resultatet af en m\u00e5lrettet indsats.&nbsp;<\/strong><\/p>\n<ul>\n<li>Stakk\u00f8rsel med Volvo L70 Gummiged med tvillinghjul og siloklo.&nbsp;<\/li>\n<li>Roeoptagning med 3rk. Thyregod Optager med rulletank og oppelhjul.<\/li>\n<\/ul>\n<p>Skal vi hj\u00e6lpe til, t\u00f8v ikke med at kontakte os og h\u00f8re mere p\u00e5 telefon <strong>98 98 18 88<\/strong> eller mail <strong>info@vraa-maskinstation.dk.<\/strong><\/p>\n<\/blockquote>\n\n\n<figure class=\"wp-block-gallery columns-3 is-cropped\"><ul class=\"blocks-gallery-grid\"><li class=\"blocks-gallery-item\"><figure><img loading=\"lazy\" width=\"2560\" height=\"1707\" src=\"http:\/\/word.vraa-maskinstation.dk\/wp-content\/uploads\/2024\/02\/oersoe-007-scaled.jpg\" alt=\"\" data-id=\"508\" data-full-url=\"http:\/\/word.vraa-maskinstation.dk\/wp-content\/uploads\/2024\/02\/oersoe-007-scaled.jpg\" data-link=\"http:\/\/word.vraa-maskinstation.dk\/?attachment_id=508\" class=\"wp-image-508\" srcset=\"http:\/\/word.vraa-maskinstation.dk\/wp-content\/uploads\/2024\/02\/oersoe-007-scaled.jpg 2560w, http:\/\/word.vraa-maskinstation.dk\/wp-content\/uploads\/2024\/02\/oersoe-007-300x200.jpg 300w, http:\/\/word.vraa-maskinstation.dk\/wp-content\/uploads\/2024\/02\/oersoe-007-1024x683.jpg 1024w, http:\/\/word.vraa-maskinstation.dk\/wp-content\/uploads\/2024\/02\/oersoe-007-768x512.jpg 768w, http:\/\/word.vraa-maskinstation.dk\/wp-content\/uploads\/2024\/02\/oersoe-007-1536x1024.jpg 1536w, http:\/\/word.vraa-maskinstation.dk\/wp-content\/uploads\/2024\/02\/oersoe-007-2048x1365.jpg 2048w, http:\/\/word.vraa-maskinstation.dk\/wp-content\/uploads\/2024\/02\/oersoe-007-676x451.jpg 676w\" sizes=\"(max-width: 2560px) 100vw, 2560px\" \/><\/figure><\/li><li class=\"blocks-gallery-item\"><figure><img loading=\"lazy\" width=\"2560\" height=\"1707\" src=\"http:\/\/word.vraa-maskinstation.dk\/wp-content\/uploads\/2024\/02\/oersoe-009-scaled.jpg\" alt=\"\" data-id=\"510\" data-full-url=\"http:\/\/word.vraa-maskinstation.dk\/wp-content\/uploads\/2024\/02\/oersoe-009-scaled.jpg\" data-link=\"http:\/\/word.vraa-maskinstation.dk\/?attachment_id=510\" class=\"wp-image-510\" srcset=\"http:\/\/word.vraa-maskinstation.dk\/wp-content\/uploads\/2024\/02\/oersoe-009-scaled.jpg 2560w, http:\/\/word.vraa-maskinstation.dk\/wp-content\/uploads\/2024\/02\/oersoe-009-300x200.jpg 300w, http:\/\/word.vraa-maskinstation.dk\/wp-content\/uploads\/2024\/02\/oersoe-009-1024x683.jpg 1024w, http:\/\/word.vraa-maskinstation.dk\/wp-content\/uploads\/2024\/02\/oersoe-009-768x512.jpg 768w, http:\/\/word.vraa-maskinstation.dk\/wp-content\/uploads\/2024\/02\/oersoe-009-1536x1024.jpg 1536w, http:\/\/word.vraa-maskinstation.dk\/wp-content\/uploads\/2024\/02\/oersoe-009-2048x1365.jpg 2048w, http:\/\/word.vraa-maskinstation.dk\/wp-content\/uploads\/2024\/02\/oersoe-009-676x451.jpg 676w\" sizes=\"(max-width: 2560px) 100vw, 2560px\" \/><\/figure><\/li><li class=\"blocks-gallery-item\"><figure><img loading=\"lazy\" width=\"2560\" height=\"1707\" src=\"http:\/\/word.vraa-maskinstation.dk\/wp-content\/uploads\/2024\/02\/oersoe-006-1-scaled.jpg\" alt=\"\" data-id=\"511\" data-full-url=\"http:\/\/word.vraa-maskinstation.dk\/wp-content\/uploads\/2024\/02\/oersoe-006-1-scaled.jpg\" data-link=\"http:\/\/word.vraa-maskinstation.dk\/?attachment_id=511\" class=\"wp-image-511\" srcset=\"http:\/\/word.vraa-maskinstation.dk\/wp-content\/uploads\/2024\/02\/oersoe-006-1-scaled.jpg 2560w, http:\/\/word.vraa-maskinstation.dk\/wp-content\/uploads\/2024\/02\/oersoe-006-1-300x200.jpg 300w, http:\/\/word.vraa-maskinstation.dk\/wp-content\/uploads\/2024\/02\/oersoe-006-1-1024x683.jpg 1024w, http:\/\/word.vraa-maskinstation.dk\/wp-content\/uploads\/2024\/02\/oersoe-006-1-768x512.jpg 768w, http:\/\/word.vraa-maskinstation.dk\/wp-content\/uploads\/2024\/02\/oersoe-006-1-1536x1024.jpg 1536w, http:\/\/word.vraa-maskinstation.dk\/wp-content\/uploads\/2024\/02\/oersoe-006-1-2048x1365.jpg 2048w, http:\/\/word.vraa-maskinstation.dk\/wp-content\/uploads\/2024\/02\/oersoe-006-1-676x451.jpg 676w\" sizes=\"(max-width: 2560px) 100vw, 2560px\" \/><\/figure><\/li><\/ul><\/figure>\n\n\n\n<hr class=\"wp-block-separator has-text-color has-background has-light-gray-background-color has-light-gray-color is-style-wide\"\/>\n\n\n\n<figure class=\"wp-block-gallery columns-1 is-cropped\"><ul class=\"blocks-gallery-grid\"><li class=\"blocks-gallery-item\"><figure><img loading=\"lazy\" width=\"864\" height=\"864\" src=\"http:\/\/word.vraa-maskinstation.dk\/wp-content\/uploads\/2020\/11\/Resized_20200901_155602-2.jpg\" alt=\"\" data-id=\"175\" data-link=\"http:\/\/word.vraa-maskinstation.dk\/?attachment_id=175\" class=\"wp-image-175\" srcset=\"http:\/\/word.vraa-maskinstation.dk\/wp-content\/uploads\/2020\/11\/Resized_20200901_155602-2.jpg 864w, http:\/\/word.vraa-maskinstation.dk\/wp-content\/uploads\/2020\/11\/Resized_20200901_155602-2-300x300.jpg 300w, http:\/\/word.vraa-maskinstation.dk\/wp-content\/uploads\/2020\/11\/Resized_20200901_155602-2-150x150.jpg 150w, http:\/\/word.vraa-maskinstation.dk\/wp-content\/uploads\/2020\/11\/Resized_20200901_155602-2-768x768.jpg 768w, http:\/\/word.vraa-maskinstation.dk\/wp-content\/uploads\/2020\/11\/Resized_20200901_155602-2-676x676.jpg 676w\" sizes=\"(max-width: 864px) 100vw, 864px\" \/><\/figure><\/li><\/ul><\/figure>\n\n\n\n<hr class=\"wp-block-separator has-text-color has-background has-light-gray-background-color has-light-gray-color is-style-wide\"\/>\n","protected":false},"excerpt":{"rendered":"<p>P\u00e5 dette omr\u00e5de, er mange \u00e5rs erfaringen ingen undtagelse for Vraa Maskinstation. &#8211; Vi varetager roeoptagning samt samensilering.&nbsp; Vi l\u00e6gger os i selen for at skaffe vores kunder det bedste resultat grovfoder, vi ved hvor vigtigt ensileringsarbejdet er. Kvalitet er aldrig en tilf\u00e6ldighed, men resultatet af en m\u00e5lrettet indsats.&nbsp; Stakk\u00f8rsel med Volvo L70 Gummiged med [&hellip;]<\/p>\n","protected":false},"author":1,"featured_media":0,"parent":0,"menu_order":0,"comment_status":"closed","ping_status":"closed","template":"","meta":[],"_links":{"self":[{"href":"http:\/\/word.vraa-maskinstation.dk\/index.php?rest_route=\/wp\/v2\/pages\/39"}],"collection":[{"href":"http:\/\/word.vraa-maskinstation.dk\/index.php?rest_route=\/wp\/v2\/pages"}],"about":[{"href":"http:\/\/word.vraa-maskinstation.dk\/index.php?rest_route=\/wp\/v2\/types\/page"}],"author":[{"embeddable":true,"href":"http:\/\/word.vraa-maskinstation.dk\/index.php?rest_route=\/wp\/v2\/users\/1"}],"replies":[{"embeddable":true,"href":"http:\/\/word.vraa-maskinstation.dk\/index.php?rest_route=%2Fwp%2Fv2%2Fcomments&post=39"}],"version-history":[{"count":18,"href":"http:\/\/word.vraa-maskinstation.dk\/index.php?rest_route=\/wp\/v2\/pages\/39\/revisions"}],"predecessor-version":[{"id":733,"href":"http:\/\/word.vraa-maskinstation.dk\/index.php?rest_route=\/wp\/v2\/pages\/39\/revisions\/733"}],"wp:attachment":[{"href":"http:\/\/word.vraa-maskinstation.dk\/index.php?rest_route=%2Fwp%2Fv2%2Fmedia&parent=39"}],"curies":[{"name":"wp","href":"https:\/\/api.w.org\/{rel}","templated":true}]}}