{"id":38,"date":"2020-11-25T23:04:32","date_gmt":"2020-11-25T22:04:32","guid":{"rendered":"http:\/\/word.vraa-maskinstation.dk\/?page_id=38"},"modified":"2024-02-20T11:00:13","modified_gmt":"2024-02-20T10:00:13","slug":"plantebeskyttelse","status":"publish","type":"page","link":"http:\/\/word.vraa-maskinstation.dk\/?page_id=38","title":{"rendered":"PLANTEBESKYTTELSE"},"content":{"rendered":"\n<hr class=\"wp-block-separator has-text-color has-background has-light-gray-background-color has-light-gray-color is-style-wide\"\/>\n\n\n\n<div class=\"wp-block-cover\" style=\"background-image:url(http:\/\/word.vraa-maskinstation.dk\/wp-content\/uploads\/2024\/02\/Resized_20210910_081610.jpeg);background-position:54% 38%;min-height:200px\"><div class=\"wp-block-cover__inner-container\">\n<p class=\"has-text-align-center has-large-font-size\"><\/p>\n<\/div><\/div>\n\n\n\n<hr class=\"wp-block-separator has-text-color has-background has-light-gray-background-color has-light-gray-color is-style-wide\"\/>\n\n\n<blockquote>\n<p>Vi er klar til at hj\u00e6lpe med plantebeskyttelse og spr\u00f8jtning af alle typer afgr\u00f8der.<\/p>\n<p>Kemi medbringes gerne.&nbsp;<\/p>\n<p>Vi holder os opdateret p\u00e5 lovkrav om plantebeskyttelse og kemikalieforbrug.<\/p>\n<p><strong>Med vores mange \u00e5rs erfaring og udstyr er Vraa Maskinstation en sikker og professionel samarbejdspartner i marken. Plantebeskyttelse gennem os garantere et korrekt kemikalieforbrug.&nbsp;<\/strong><\/p>\n<p>Vi tilbyder spr\u00f8jtning med Hardi Navigator 24 meter bom, med yderst erfarne fagfolk.&nbsp;<\/p>\n<p>Derudover varetager vi ogs\u00e5 gerne h\u00e5ndtering af kemi fra start til slut, blandet andet ved udfyldning af spr\u00f8jtejournaler.<\/p>\n<p>Samt ved k\u00f8b af kemi gennem os, der betales udelukkende for det faktiske forbrug. Dermed ingen rester og h\u00e5ndtering af eventuelle overskydende kemi &#8211; <strong>En tryg og sikker l\u00f8sning for dig<\/strong>.&nbsp;<\/p>\n<p><\/p>\n<\/blockquote>\n\n\n<hr class=\"wp-block-separator has-text-color has-background has-light-gray-background-color has-light-gray-color is-style-wide\"\/>\n","protected":false},"excerpt":{"rendered":"<p>Vi er klar til at hj\u00e6lpe med plantebeskyttelse og spr\u00f8jtning af alle typer afgr\u00f8der. Kemi medbringes gerne.&nbsp; Vi holder os opdateret p\u00e5 lovkrav om plantebeskyttelse og kemikalieforbrug. Med vores mange \u00e5rs erfaring og udstyr er Vraa Maskinstation en sikker og professionel samarbejdspartner i marken. Plantebeskyttelse gennem os garantere et korrekt kemikalieforbrug.&nbsp; Vi tilbyder spr\u00f8jtning med [&hellip;]<\/p>\n","protected":false},"author":1,"featured_media":0,"parent":0,"menu_order":0,"comment_status":"closed","ping_status":"closed","template":"","meta":[],"_links":{"self":[{"href":"http:\/\/word.vraa-maskinstation.dk\/index.php?rest_route=\/wp\/v2\/pages\/38"}],"collection":[{"href":"http:\/\/word.vraa-maskinstation.dk\/index.php?rest_route=\/wp\/v2\/pages"}],"about":[{"href":"http:\/\/word.vraa-maskinstation.dk\/index.php?rest_route=\/wp\/v2\/types\/page"}],"author":[{"embeddable":true,"href":"http:\/\/word.vraa-maskinstation.dk\/index.php?rest_route=\/wp\/v2\/users\/1"}],"replies":[{"embeddable":true,"href":"http:\/\/word.vraa-maskinstation.dk\/index.php?rest_route=%2Fwp%2Fv2%2Fcomments&post=38"}],"version-history":[{"count":6,"href":"http:\/\/word.vraa-maskinstation.dk\/index.php?rest_route=\/wp\/v2\/pages\/38\/revisions"}],"predecessor-version":[{"id":474,"href":"http:\/\/word.vraa-maskinstation.dk\/index.php?rest_route=\/wp\/v2\/pages\/38\/revisions\/474"}],"wp:attachment":[{"href":"http:\/\/word.vraa-maskinstation.dk\/index.php?rest_route=%2Fwp%2Fv2%2Fmedia&parent=38"}],"curies":[{"name":"wp","href":"https:\/\/api.w.org\/{rel}","templated":true}]}}